40 (base 7) to base 6.
25333
-154313 (base 6) to base 13
-6c21
-1553 (base 9) to base 11
-985
10725 (base 8) to base 5
121230
What is 13404 (base 5) in base 9?
1456
22125 (base 10) to base 7
121335
Convert -673 (base 13) to base 11.
-918
-126 (base 16) to base 9
-356
Convert 442 (base 7) to base 9.
271
-3287 (base 9) to base 11
-1908
What is -958 (base 12) in base 3?
-1212112
What is 314 (base 13) in base 7?
1346
Convert 1c16 (base 13) to base 8.
10224
13004 (base 6) to base 10
1948
What is -115117 (base 8) in base 2?
-1001101001001111
What is -c41 (base 16) in base 14?
-1201
Convert -1abc (base 14) to base 16.
-1306
1448 (base 13) to base 15
d08
Convert -4120 (base 5) to base 13.
-322
-124252 (base 8) to base 11
-2a493
Convert 7167 (base 14) to base 8.
46047
What is -9b7 (base 12) in base 2?
-10110011011
What is -101010010100 (base 2) in base 8?
-5224
What is -10000000100 (base 2) in base 4?
-100010
What is 2cce (base 15) in base 3?
111020012
Convert 14a33 (base 11) to base 3.
1002002121
Convert b97 (base 15) to base 2.
101000111001
7a9 (base 16) to base 10
1961
Convert -25aa (base 11) to base 2.
-110100111011
What is -10242 (base 9) in base 11?
-5097
10881 (base 9) to base 4
1301302
What is -37880 (base 9) in base 8?
-61642
What is 3530 (base 10) in base 9?
4752
-1133321 (base 4) to base 5
-144022
Convert 11567 (base 12) to base 16.
5adf
What is bba (base 13) in base 14?
a3a
What is 139 (base 14) in base 5?
1442
-10240 (base 6) to base 14
-716
-83be (base 15) to base 16
-6cce
224244 (base 7) to base 13
15228
What is 10d21 (base 14) in base 15?
c22d
131 (base 6) to base 15
3a
-2b11 (base 13) to base 11
-4788
What is -18b (base 14) in base 3?
-102211
302 (base 10) to base 13
1a3
142bb (base 12) to base 13
ca1c
Convert 1505 (base 7) to base 6.
2425
What is bb7 (base 13) in base 15?
8de
-68a (base 12) to base 7
-2554
Convert 2067 (base 10) to base 5.
31232
83 (base 12) to base 13
78
Convert 1237 (base 8) to base 5.
10141
Convert 12220 (base 7) to base 9.
4344
Convert 12310 (base 5) to base 2.
1110111011
What is -1000010110101010 (base 2) in base 3?
-1201221100
-20489 (base 10) to base 14
-7677
What is 1000100001110 (base 2) in base 12?
263a
Convert -6050 (base 9) to base 6.
-32243
2d4 (base 14) to base 3
210102
Convert 178 (base 15) to base 10.
338
What is -772 (base 12) in base 7?
-3122
What is 163 (base 15) in base 12?
226
-161632 (base 7) to base 4
-13302001
-737 (base 9) to base 2
-1001011001
What is -233 (base 8) in base 10?
-155
-380 (base 14) to base 9
-857
What is -21033031 (base 4) in base 11?
-26478
10020212 (base 4) to base 9
25205
Convert 916 (base 10) to base 3.
1020221
Convert 267 (base 14) to base 7.
1260
-2389 (base 13) to base 6
-35114
15365 (base 10) to base 8
36005
Convert -13449 (base 11) to base 13.
-8959
-12103031 (base 4) to base 6
-315245
What is 2b (base 15) in base 14?
2d
13b97 (base 12) to base 10
27619
-4648 (base 10) to base 12
-2834
Convert 10001011011 (base 2) to base 16.
45b
1324 (base 5) to base 15
e4
Convert 104600 (base 8) to base 13.
13039
What is 111304 (base 5) in base 15?
1289
Convert -40c (base 13) to base 5.
-10223
1651 (base 10) to base 16
673
-8942 (base 10) to base 8
-21356
24418 (base 9) to base 2
11111111111011
48a8 (base 13) to base 11
77a4
What is -154427 (base 8) in base 6?
-1105143
What is -13d75 (base 15) in base 6?
-1211145
-88230 (base 9) to base 6
-1130513
530 (base 14) to base 11
84a
-10110011010 (base 2) to base 10
-1434
What is -2324341 (base 5) in base 8?
-122747
What is 224 (base 6) in base 15?
5d
Convert 574 (base 10) to base 7.
1450
What is 130041 (base 5) in base 8?
11635
What is 31121 (base 4) in base 3?
1011202
-2041 (base 6) to base 13
-292
1094 (base 12) to base 8
3460
Convert 4582 (base 12) to base 4.
1320302
-a09 (base 12) to base 3
-1222200
-b75a (base 16) to base 6
-1001150
Convert -747 (base 8) to base 2.
-111100111
-1011011110101001 (base 2) to base 5
-3001032
Convert -6d5 (base 15) to base 4.
-120032
Convert 1722 (base 10) to base 16.
6ba
What is 13123 (base 4) in base 2?
111011011
Convert 6222 (base 9) to base 15.
153b
Convert -115 (base 10) to base 4.
-1303
-3100300 (base 4) to base 14
-4c24
What is 24e7 (base 16) in base 11?
7109
Convert -3071 (base 10) to base 2.
-101111111111
-101111001 (base 3) to base 8
-16732
What is -2439 (base 16) in base 11?
-6a70
What is 2062 (base 11) in base 12?
16b6
What is 3315 (base 9) in base 3?
10100112
Convert -1853a (base 12) to base 13.
-13105
-3a757 (base 11) to base 16
-e31e
What is -101321 (base 4) in base 2?
-10001111001
What is -123 (base 13) in base 12?
-146
-300322 (base 4) to base 10
-3130
Convert -1236 (base 11) to base 4.
-121030
Convert -137a (base 11) to base 15.
-7db
What is 2261 (base 7) in base 6?
3455
What is 354b (base 12) in base 5?
142323
What is 584 (base 10) in base 13?
35c
What is 115 (base 6) in base 9?
52
-15333 (base 6) to base 11
-1978
-10222202 (base 3) to base 9
-3882
Convert -32220121 (base 4) to base 16.
-ea19
2a4 (base 15) to base 13
376
What is 1111010100011111 (base 2) in base 10?
62751
-3710 (base 9) to base 2
-101011001011
Convert 220200221 (base 3) to base 5.
1034012
121102220 (base 3) to base 4
2323101
What is 2126 (base 9) in base 4?
120123
11110111 (base 2) to base 13
160
-4b17 (base 12) to base 10
-8515
What is 4616 (base 7) in base 9?
2265
What is -10111001100001 (base 2) in base 16?
-2e61
-212303 (base 8) to base 12
-35003
Convert -12021201 (base 3) to base 14.
-1593
Convert -c (base 14) to base 2.
-1100
What is -15121 (base 15) in base 5?
-4132011
What is 1122122011 (base 3) in base 12?
169b7
What is -20202200 (base 3) in base 9?
-6680
-12023 (base 6) to base 7
-5040
Convert -31302 (base 4) to base 8.
-1562
What is 401 (base 6) in base 9?
171
What is -112725 (base 9) in base 8?
-204112
-12110000 (base 3) to base 8
-7601
Convert -216 (base 10) to base 4.
-3120
What is -1211200 (base 3) in base 15?
-5e6
Convert -1551 (base 6) to base 11.
-359
-a43 (base 13) to base 3
-2101122
-d6 (base 16) to base 2
-11010110
-137 (base 11) to base 5
-1121
What is 4070 (base 8) in base 9?
2787
Convert -4b7 (base 14) to base 5.
-12240
Convert 149 (base 11) to base 9.
213
What is -193 (base 12) in base 3?
-100110
9a47 (base 14) to base 11
19090
What is 101000011000011 (base 2) in base 4?
11003003
-43448 (base 9) to base 12
-147bb
Convert 47 (base 13) to base 8.
73
Convert 34221 (base 7) to base 9.
12823
-113242 (base 5) to base 14
-175b
What is -7b2 (base 16) in base 11?
-1531
What is -2742 (base 12) in base 13?
-2093
Convert -43112 (base 5) to base 14.
-10b9
-77 (base 12) to base 10
-91
-360 (base 12) to base 15
-239
2022221 (base 3) to base 11
1305
Convert 11221200 (base 3) to base 8.
7031
213 (base 11) to base 6
1104
What is -402c (base 16) in base 7?
-65616
What is 110002 (base 3) in base 11?
277
What is -43a1 (base 12) in base 2?
-1110100101001
Convert -1021120 (base 4) to base 10.
-4696
Convert -666a (base 11) to base 4.
-2021110
Convert -c17 (base 13) to base 16.
-800
5558 (base 9) to base 3
12121222
-839 (base 15) to base 3
-2112200
-142e (base 15) to base 3
-12220222
-62166 (base 8) to base 4
-12101312
-277 (base 16) to base 5
-10011
Convert -8aa (base 14) to base 5.
-23333
What is 4233 (base 5) in base 14?
2c8
What is 1022112220 (base 3) in base 6?
315553
-100100000011001 (base 2) to base 13
-852a
26 (base 12) to base 11
28
What is 204 (base 9) in base 11?
141
13210 (base 4) to base 16
1e4
-4262 (base 7) to base 8
-2752
What is 121010 (base 3) in base 16?
1b3
32100 (base 4) to base 15
40c
23041 (base 6) to base 8
6301
Convert -214213 (base 5) to base 3.
-101012022
Convert -4229 (base 13) to base 11.
-6979
Convert -1980 (base 11) to base 12.
-1550
What is 30306 (base 7) in base 9?
11073
Convert -1791 (base 12) to base 6.
-21101
-3275 (base 8) to base 2
-11010111101
What is 111211 (base 6) in base 2?
10010010010111
What is -1d7d (base 15) in base 16?
-1912
Convert 1b9e (base 16) to base 9.
10625
Convert 4436 (base 10) to base 8.
10524
100001001 (base 2) to base 11
221
What is -177 (base 12) in base 4?
-3223
Convert 6015 (base 8) to base 2.
110000001101
What is -10000000010010 (base 2) in base 15?
-2675
What is -302 (base 16) in base 9?
-1045
Convert 1432 (base 6) to base 4.
11330
What is 10013 (base 6